{"id":1819,"date":"2018-10-16T15:28:26","date_gmt":"2018-10-16T13:28:26","guid":{"rendered":"http:\/\/mbc-ts.info\/?page_id=1819"},"modified":"2018-10-16T16:54:08","modified_gmt":"2018-10-16T14:54:08","slug":"almpokal","status":"publish","type":"page","link":"https:\/\/mbc-ts.info\/?page_id=1819","title":{"rendered":"Almpokal"},"content":{"rendered":"\t\t<div data-elementor-type=\"wp-post\" data-elementor-id=\"1819\" class=\"elementor elementor-1819 elementor-bc-flex-widget\">\n\t\t\t\t\t\t<section class=\"elementor-section elementor-top-section elementor-element elementor-element-bf08358 elementor-section-boxed elementor-section-height-default elementor-section-height-default\" data-id=\"bf08358\" data-element_type=\"section\" data-e-type=\"section\">\n\t\t\t\t\t\t<div class=\"elementor-container elementor-column-gap-default\">\n\t\t\t\t\t<div class=\"elementor-column elementor-col-100 elementor-top-column elementor-element elementor-element-e26a119\" data-id=\"e26a119\" data-element_type=\"column\" data-e-type=\"column\">\n\t\t\t<div class=\"elementor-widget-wrap elementor-element-populated\">\n\t\t\t\t\t\t<div class=\"elementor-element elementor-element-a072848 elementor-widget elementor-widget-image\" data-id=\"a072848\" data-element_type=\"widget\" data-e-type=\"widget\" data-widget_type=\"image.default\">\n\t\t\t\t<div class=\"elementor-widget-container\">\n\t\t\t\t\t\t\t\t\t\t\t\t\t\t\t<img fetchpriority=\"high\" decoding=\"async\" width=\"320\" height=\"213\" src=\"https:\/\/mbc-ts.info\/wp-content\/uploads\/2018\/10\/almpokal2.jpg\" class=\"attachment-large size-large wp-image-93\" alt=\"\" srcset=\"https:\/\/mbc-ts.info\/wp-content\/uploads\/2018\/10\/almpokal2.jpg 320w, https:\/\/mbc-ts.info\/wp-content\/uploads\/2018\/10\/almpokal2-300x200.jpg 300w\" sizes=\"(max-width: 320px) 100vw, 320px\" \/>\t\t\t\t\t\t\t\t\t\t\t\t\t\t\t<\/div>\n\t\t\t\t<\/div>\n\t\t\t\t<div class=\"elementor-element elementor-element-7a0690d elementor-widget elementor-widget-text-editor\" data-id=\"7a0690d\" data-element_type=\"widget\" data-e-type=\"widget\" data-widget_type=\"text-editor.default\">\n\t\t\t\t<div class=\"elementor-widget-container\">\n\t\t\t\t\t\t\t\t\t<ol><li>Start:<\/li><\/ol><p>Handstart an vorgegebener Stelle.<\/p><ol start=\"2\"><li>Flug:<\/li><\/ol><p>Jeder Pilot kann zu einem von ihm frei zu w\u00e4hlenden Zeitpunkt, in einem, in der Wettbewerbsauschreibung festgelegten Zeitraum,drei Wertungsfl\u00fcge anmelden und durchf\u00fchren. Die Anmeldung des Wertungsfluges kann jedoch nur vor dem Start des Modells erfolgen und nur dann, wenn die Frequenz nicht bereits von einem in Wertung fliegenden Teilnehmer belegt ist . Andere Piloten k\u00f6nnen zur gleichen Zeit au\u00dferhalb der Wertung fliegen, vorausgesetzt, sie st\u00f6ren den Ablauf der Wertungsfl\u00fcge in keiner Weise. Die Summe der Flugzeiten (Zeit zwischen Handstart und erster Bodenber\u00fchrung) der drei Fl\u00fcge soll m\u00f6glichst genau 10 Min. = 600 Sek. betragen. F\u00fcr jede Sekunde Flugzeit wird ein Punkt vergeben (Maximal = 600 Punkte). Pro Sekunde \u00dcberschreitung der Sollflugzeit von 600 Sekunde wird ein Punkt abgezogen.<\/p><p>\u00a0<\/p><ol start=\"3\"><li>Landung:<\/li><\/ol><p>Landung gegen die Startrichtung in einem Landefeld von 50 m x 30 m. Die Landung soll m\u00f6glichst nahe an der Mittellinie dieses Landefeldes erfolgen. Gemessen wird rechtwinkelig von der Mittellinie zum am weitesten entfernten Punkt des Rumpfes ohne Seitenruder. Der gesammte Rumpf ohne Seitenruder mu\u00df im Landefeld sein, ansonsten 0 Landepunkte. So wird eine saubere, geradlinige Landung ohne Drehung durch mehr Punkte belohnt. Pro 1 cm Ann\u00e4herung an die Mittellinie wird 1 Zehntel Punkt (0,1 Punkte) vergeben. Punktemaximum = 150.<\/p><p>\u00a0<\/p><ol start=\"4\"><li>Zus\u00e4tzliche Bestimmungen:<\/li><li>Siehe Allgemeine Wettbewerbsordnung des MBC-TS<\/li><\/ol><p>\u00a0<\/p><p>Wertungsbeispiel<\/p><p>\u00a0<\/p><ol><li>Flug:<\/li><\/ol><p>\u00a0\u00a0\u00a0\u00a0\u00a0\u00a0\u00a0\u00a0\u00a0\u00a0\u00a0 Flugzeit = 300 Sec. = 300 Zeitpunkte Landepunkte = 100<\/p><ol start=\"2\"><li>Flug:<\/li><\/ol><p>\u00a0\u00a0\u00a0\u00a0\u00a0\u00a0\u00a0\u00a0\u00a0\u00a0\u00a0 Flugzeit = 180 Sec. = 180 Zeitpunkte Landepunkte = 80<\/p><ol start=\"3\"><li>Flug:<\/li><\/ol><p>\u00a0\u00a0\u00a0\u00a0\u00a0\u00a0\u00a0\u00a0\u00a0\u00a0\u00a0 Flugzeit = 115 Sec. = 115 Zeitpunkte Landepunkte = 120<\/p><p>\u00a0\u00a0\u00a0\u00a0\u00a0\u00a0\u00a0\u00a0\u00a0\u00a0\u00a0 Summen: 595 Zeitpunkte Landepunkte = 300<\/p><p>\u00a0\u00a0\u00a0\u00a0\u00a0\u00a0\u00a0\u00a0\u00a0\u00a0\u00a0 Total: 595 Zeitpunkte<\/p><p>\u00a0\u00a0\u00a0\u00a0\u00a0\u00a0\u00a0\u00a0\u00a0\u00a0\u00a0 + 300 Landepunkte<\/p><p>\u00a0\u00a0\u00a0\u00a0\u00a0 \u00a0\u00a0\u00a0\u00a0\u00a0\u00a0= 895 Gesammtpunkte<\/p><p>\u00a0\u00a0\u00a0\u00a0\u00a0\u00a0\u00a0\u00a0\u00a0\u00a0\u00a0 Erreichbares Gesamtpunkemaximum: 1050 Punkte<\/p>\t\t\t\t\t\t\t\t<\/div>\n\t\t\t\t<\/div>\n\t\t\t\t\t<\/div>\n\t\t<\/div>\n\t\t\t\t\t<\/div>\n\t\t<\/section>\n\t\t\t\t<\/div>\n\t\t","protected":false},"excerpt":{"rendered":"<p>Start: Handstart an vorgegebener Stelle. Flug: Jeder Pilot kann zu einem von ihm frei zu w\u00e4hlenden Zeitpunkt, in einem, in der Wettbewerbsauschreibung festgelegten Zeitraum,drei Wertungsfl\u00fcge anmelden und durchf\u00fchren. Die Anmeldung des Wertungsfluges kann jedoch nur vor dem Start des Modells erfolgen und nur dann, wenn die Frequenz nicht bereits von einem in Wertung fliegenden Teilnehmer [&hellip;]<\/p>\n","protected":false},"author":1,"featured_media":0,"parent":18,"menu_order":0,"comment_status":"closed","ping_status":"closed","template":"","meta":{"ngg_post_thumbnail":0,"footnotes":""},"class_list":["post-1819","page","type-page","status-publish","hentry"],"_links":{"self":[{"href":"https:\/\/mbc-ts.info\/index.php?rest_route=\/wp\/v2\/pages\/1819","targetHints":{"allow":["GET"]}}],"collection":[{"href":"https:\/\/mbc-ts.info\/index.php?rest_route=\/wp\/v2\/pages"}],"about":[{"href":"https:\/\/mbc-ts.info\/index.php?rest_route=\/wp\/v2\/types\/page"}],"author":[{"embeddable":true,"href":"https:\/\/mbc-ts.info\/index.php?rest_route=\/wp\/v2\/users\/1"}],"replies":[{"embeddable":true,"href":"https:\/\/mbc-ts.info\/index.php?rest_route=%2Fwp%2Fv2%2Fcomments&post=1819"}],"version-history":[{"count":3,"href":"https:\/\/mbc-ts.info\/index.php?rest_route=\/wp\/v2\/pages\/1819\/revisions"}],"predecessor-version":[{"id":1837,"href":"https:\/\/mbc-ts.info\/index.php?rest_route=\/wp\/v2\/pages\/1819\/revisions\/1837"}],"up":[{"embeddable":true,"href":"https:\/\/mbc-ts.info\/index.php?rest_route=\/wp\/v2\/pages\/18"}],"wp:attachment":[{"href":"https:\/\/mbc-ts.info\/index.php?rest_route=%2Fwp%2Fv2%2Fmedia&parent=1819"}],"curies":[{"name":"wp","href":"https:\/\/api.w.org\/{rel}","templated":true}]}}